{"id":612,"date":"2024-06-30T21:37:25","date_gmt":"2024-06-30T19:37:25","guid":{"rendered":"http:\/\/pionki.info.pl\/?page_id=612"},"modified":"2025-01-13T20:35:01","modified_gmt":"2025-01-13T19:35:01","slug":"badania-diagnostyczne","status":"publish","type":"page","link":"https:\/\/pionki.info.pl\/?page_id=612","title":{"rendered":"Badania Diagnostyczne"},"content":{"rendered":"\n<p class=\"has-black-color has-text-color has-link-color wp-elements-881a886e99181a658c03f650a6a763b4\">W Przychodni \u201eZDROWIE\u201d&nbsp;wykonujemy&nbsp;szeroki zakres bada\u0144 diagnostycznych.&nbsp;<\/p>\n\n\n\n<p class=\"has-black-color has-text-color has-link-color wp-elements-cfcfac08d90bedf628e15bb2b26e6fbe\">Badania wykonujemy w Pionkach ul.&nbsp;Legionist\u00f3w&nbsp;38.<\/p>\n\n\n\n<p class=\"has-black-color has-text-color has-link-color wp-elements-47ee5c637131052db96de53efdb0bb31\">Poni\u017cej publikujemy list\u0119 bada\u0144 wraz z opisem&nbsp;oraz &nbsp;zaleceniami zwi\u0105zanymi z odpowiednim przygotowaniem si\u0119 do niego.<\/p>\n\n\n\n<p class=\"has-black-color has-text-color has-link-color wp-elements-1e0392460fc19350786cedcfed35e3f0\"><strong>BADANIA ULTRASONOGRAFICZNE<\/strong>&nbsp;<\/p>\n\n\n\n<p class=\"has-black-color has-text-color has-link-color wp-elements-bd9c0cf3ccee9fb59f6402b550d55557\">\u25aa&nbsp;<a href=\"http:\/\/pionki.info.pl\/?page_id=639\" data-type=\"link\" data-id=\"http:\/\/pionki.info.pl\/?page_id=639\">USG<\/a> <\/p>\n\n\n\n<p class=\"has-black-color has-text-color has-link-color wp-elements-63f8e9ff56ffba7094111beb034bd555\"><strong>BADANIA KARDIOLOGICZNE<\/strong><\/p>\n\n\n\n<p class=\"has-black-color has-text-color has-link-color wp-elements-bbd790f406e91d26a966eb396d8b8fc9\">\u25aa&nbsp;<a href=\"http:\/\/pionki.info.pl\/?page_id=564\" data-type=\"page\" data-id=\"564\">Holter EKG<\/a><\/p>\n\n\n\n<p class=\"has-black-color has-text-color has-link-color wp-elements-c13be8fe9756870cbc4a9e35835ff92b\">\u25aa&nbsp;<a href=\"http:\/\/pionki.info.pl\/?page_id=545\" data-type=\"page\" data-id=\"545\">Holter RR (ci\u015bnieniowy)&nbsp;<\/a><\/p>\n\n\n\n<p class=\"has-black-color has-text-color has-link-color wp-elements-05706283c59aa874cf2ba7d6c1d1b7dc\">\u25aa&nbsp;<a href=\"http:\/\/pionki.info.pl\/?page_id=547\" data-type=\"page\" data-id=\"547\">Echo serca<\/a><\/p>\n\n\n\n<p class=\"has-black-color has-text-color has-link-color wp-elements-09b628eccb88d3419eba49390789f515\">\u25aa&nbsp;<a href=\"http:\/\/pionki.info.pl\/?page_id=641\" data-type=\"page\" data-id=\"641\">EKG spoczynkowe<\/a><\/p>\n\n\n\n<p class=\"has-black-color has-text-color has-link-color wp-elements-7a5060760baa5d92e9e5c54abdebb66f\">\u25aa&nbsp;<a href=\"http:\/\/pionki.info.pl\/?page_id=548\" data-type=\"page\" data-id=\"548\">EKG pr\u00f3ba wysi\u0142kowa<\/a><\/p>\n\n\n\n<p class=\"has-black-color has-text-color has-link-color wp-elements-29428a8d785a5b38d1c4da843db381da\"><strong>BADANIA UK\u0141ADU ODDECHOWEGO<\/strong><\/p>\n\n\n\n<p class=\"has-black-color has-text-color has-link-color wp-elements-d9115030048240e1a7d11451be8f18b2\">\u25aa&nbsp;<a href=\"http:\/\/pionki.info.pl\/?page_id=549\" data-type=\"page\" data-id=\"549\">Spirometria<\/a><\/p>\n\n\n\n<p class=\"has-black-color has-text-color has-link-color wp-elements-e1767f8ba5f2c18a17d10876c2f6a7e1\"><strong>BADANIA NEUROLOGICZNE<\/strong><\/p>\n\n\n\n<p class=\"has-black-color has-text-color has-link-color wp-elements-24362f28835dad78b4563be2734bab66\">\u25aa&nbsp;<a href=\"http:\/\/pionki.info.pl\/?page_id=642\" data-type=\"page\" data-id=\"642\">EEG<\/a><\/p>\n\n\n\n<p class=\"has-black-color has-text-color has-link-color wp-elements-8500bf36956d0b8c1ff0161eb58f000d\">\u25aa&nbsp;EMG<\/p>\n\n\n\n<p class=\"has-black-color has-text-color has-link-color wp-elements-6efa277b57b786a7697a8baf7a5f7c17\"><strong>BADANIA Z ZAKRESU DIETETYKI<\/strong><\/p>\n\n\n\n<p class=\"has-black-color has-text-color has-link-color wp-elements-3a93769c4b9406dfa066af056e08260a\">\u25aa&nbsp;<a href=\"http:\/\/pionki.info.pl\/?page_id=669\" data-type=\"page\" data-id=\"669\">Bioimpedancja elektryczna BIA (Analiza sk\u0142adu cia\u0142a)<\/a><\/p>\n\n\n\n<p class=\"has-black-color has-text-color has-link-color wp-elements-46994b2b58c073f05c4ec0073797e15f\"><strong>DIAGNOSTYKA ODDYCHANIA PODCZAS SNU<\/strong><\/p>\n\n\n\n<p>\u25aa\u00a0<a href=\"http:\/\/pionki.info.pl\/?page_id=782\" data-type=\"page\" data-id=\"782\">Badanie poligraficzne<\/a><\/p>\n","protected":false},"excerpt":{"rendered":"<p>W Przychodni \u201eZDROWIE\u201d&nbsp;wykonujemy&nbsp;szeroki zakres bada\u0144 diagnostycznych.&nbsp; Badania wykonujemy w Pionkach ul.&nbsp;Legionist\u00f3w&nbsp;38. Poni\u017cej publikujemy list\u0119 bada\u0144 wraz z opisem&nbsp;oraz &nbsp;zaleceniami zwi\u0105zanymi z odpowiednim przygotowaniem si\u0119 do niego. BADANIA ULTRASONOGRAFICZNE&nbsp; \u25aa&nbsp;USG BADANIA KARDIOLOGICZNE \u25aa&nbsp;Holter EKG \u25aa&nbsp;Holter RR (ci\u015bnieniowy)&nbsp; \u25aa&nbsp;Echo serca \u25aa&nbsp;EKG spoczynkowe \u25aa&nbsp;EKG pr\u00f3ba wysi\u0142kowa BADANIA UK\u0141ADU ODDECHOWEGO \u25aa&nbsp;Spirometria BADANIA NEUROLOGICZNE \u25aa&nbsp;EEG [&hellip;]<\/p>\n","protected":false},"author":1,"featured_media":405,"parent":0,"menu_order":0,"comment_status":"closed","ping_status":"closed","template":"","meta":{"footnotes":""},"class_list":["post-612","page","type-page","status-publish","has-post-thumbnail","hentry"],"_links":{"self":[{"href":"https:\/\/pionki.info.pl\/index.php?rest_route=\/wp\/v2\/pages\/612","targetHints":{"allow":["GET"]}}],"collection":[{"href":"https:\/\/pionki.info.pl\/index.php?rest_route=\/wp\/v2\/pages"}],"about":[{"href":"https:\/\/pionki.info.pl\/index.php?rest_route=\/wp\/v2\/types\/page"}],"author":[{"embeddable":true,"href":"https:\/\/pionki.info.pl\/index.php?rest_route=\/wp\/v2\/users\/1"}],"replies":[{"embeddable":true,"href":"https:\/\/pionki.info.pl\/index.php?rest_route=%2Fwp%2Fv2%2Fcomments&post=612"}],"version-history":[{"count":9,"href":"https:\/\/pionki.info.pl\/index.php?rest_route=\/wp\/v2\/pages\/612\/revisions"}],"predecessor-version":[{"id":794,"href":"https:\/\/pionki.info.pl\/index.php?rest_route=\/wp\/v2\/pages\/612\/revisions\/794"}],"wp:featuredmedia":[{"embeddable":true,"href":"https:\/\/pionki.info.pl\/index.php?rest_route=\/wp\/v2\/media\/405"}],"wp:attachment":[{"href":"https:\/\/pionki.info.pl\/index.php?rest_route=%2Fwp%2Fv2%2Fmedia&parent=612"}],"curies":[{"name":"wp","href":"https:\/\/api.w.org\/{rel}","templated":true}]}}