{"id":54,"date":"2024-04-26T21:19:06","date_gmt":"2024-04-26T19:19:06","guid":{"rendered":"http:\/\/pionki.info.pl\/?page_id=54"},"modified":"2025-01-20T21:25:58","modified_gmt":"2025-01-20T20:25:58","slug":"rehabilitacja","status":"publish","type":"page","link":"https:\/\/pionki.info.pl\/?page_id=54","title":{"rendered":"Rehabilitacja \u201eAkademia Zdrowia\u201d"},"content":{"rendered":"\n<p class=\"has-black-color has-text-color has-link-color wp-elements-10755f5b4f0d65a8855c6968cdedb4ba\" style=\"font-size:17px\"><strong>Rehabilitacja&nbsp;<\/strong><a><\/a><strong>Akademia Zdrowia<\/strong>&nbsp;jest o\u015brodkiem Przychodni \u201eZdrowie\u201d prowadz\u0105cym kompleksow\u0105 rehabilitacj\u0119 lecznicz\u0105. Zapewniamy rehabilitacj\u0119 pourazow\u0105, ortopedyczn\u0105 neurologiczn\u0105 jak r\u00f3wnie\u017c zabiegi maj\u0105ce na celu popraw\u0119 postawy cia\u0142a oraz pomoc w usprawnieniu wykonywania codziennych czynno\u015bci. Wiemy, \u017ce rehabilitacja to dla pacjent\u00f3w mo\u017cliwo\u015b\u0107 odzyskania jak najwi\u0119kszej sprawno\u015bci i cz\u0119sto szansa na samodzielne funkcjonowanie.&nbsp;&nbsp;<\/p>\n\n\n\n<p class=\"has-black-color has-text-color has-link-color wp-elements-18c1ef2c8a1ab2dc4afe0b36b36d76bc\" style=\"font-size:17px\"><strong>Rehabilitacja&nbsp;<\/strong>jest integralnym procesem leczenia, a jej przebieg, czas trwania oraz wykorzystywane metody s\u0105 uzale\u017cnione od stanu pacjenta oraz rodzaju utraty sprawno\u015bci.&nbsp;&nbsp;<br><\/p>\n\n\n\n<p class=\"has-black-color has-text-color has-link-color wp-elements-91a55f5e7772ef9a7ca5de6e5e55b8ab\" style=\"font-size:17px\">W Akademii&nbsp;\u201e&nbsp;Zdrowia\u201d&nbsp;\u015bwiadczymy&nbsp;us\u0142ugi w ramach&nbsp;NFZ jak r\u00f3wnie\u017c komercji:<\/p>\n\n\n\n<p class=\"has-black-color has-text-color has-link-color wp-elements-c8b7488790e8e749a2338eb37fd46631\" style=\"font-size:17px\">\u2022&nbsp;<a href=\"http:\/\/pionki.info.pl\/?page_id=226\" data-type=\"page\" data-id=\"226\">Diagnostyka&nbsp;wad st\u00f3p i kr\u0119gos\u0142upa<\/a><\/p>\n\n\n\n<p class=\"has-black-color has-text-color has-link-color wp-elements-8ac4e447ac81b334c1eb54271b2bcf34\" style=\"font-size:17px\">\u2022&nbsp;<a href=\"http:\/\/pionki.info.pl\/?page_id=227\">Kinezyterapia<\/a><\/p>\n\n\n\n<p class=\"has-black-color has-text-color has-link-color wp-elements-51f81759b2dffe425518a773b372bc14\" style=\"font-size:17px\">\u2022&nbsp;<a href=\"http:\/\/pionki.info.pl\/?page_id=228\" data-type=\"page\" data-id=\"228\">Fizykoterapia<\/a><\/p>\n\n\n\n<p class=\"has-black-color has-text-color has-link-color wp-elements-2243dffa3ed7d34ff73b2d3bca4a0102\" style=\"font-size:17px\">\u2022&nbsp;<a href=\"http:\/\/pionki.info.pl\/?page_id=229\" data-type=\"page\" data-id=\"229\">Masa\u017ce<\/a><\/p>\n\n\n\n<p class=\"has-black-color has-text-color has-link-color wp-elements-bd616c2cd5cd514e5176c6cdaf8e6f99\" style=\"font-size:17px\"><strong><em>Zadowolenie pacjenta jest dla nas najlepszym wska\u017anikiem skuteczno\u015bci naszych dzia\u0142a\u0144 i podstawow\u0105 motywacj\u0105 wszystkich pracownik\u00f3w Przychodni.<\/em><\/strong><\/p>\n\n\n\n<figure class=\"wp-block-gallery has-nested-images columns-4 is-cropped wp-block-gallery-1 is-layout-flex wp-block-gallery-is-layout-flex\">\n<figure class=\"wp-block-image size-large\"><img fetchpriority=\"high\" decoding=\"async\" width=\"1024\" height=\"683\" data-id=\"365\" src=\"http:\/\/pionki.info.pl\/wp-content\/uploads\/2024\/05\/IMG_7366-1024x683.jpg\" alt=\"\" class=\"wp-image-365\" srcset=\"https:\/\/pionki.info.pl\/wp-content\/uploads\/2024\/05\/IMG_7366-1024x683.jpg 1024w, https:\/\/pionki.info.pl\/wp-content\/uploads\/2024\/05\/IMG_7366-300x200.jpg 300w, https:\/\/pionki.info.pl\/wp-content\/uploads\/2024\/05\/IMG_7366-768x512.jpg 768w, https:\/\/pionki.info.pl\/wp-content\/uploads\/2024\/05\/IMG_7366-1536x1024.jpg 1536w, https:\/\/pionki.info.pl\/wp-content\/uploads\/2024\/05\/IMG_7366-2048x1365.jpg 2048w, https:\/\/pionki.info.pl\/wp-content\/uploads\/2024\/05\/IMG_7366-360x240.jpg 360w\" sizes=\"(max-width: 1024px) 100vw, 1024px\" \/><\/figure>\n\n\n\n<figure class=\"wp-block-image size-large\"><img decoding=\"async\" width=\"1024\" height=\"683\" data-id=\"367\" src=\"http:\/\/pionki.info.pl\/wp-content\/uploads\/2024\/05\/IMG_7359-1024x683.jpg\" alt=\"\" class=\"wp-image-367\" srcset=\"https:\/\/pionki.info.pl\/wp-content\/uploads\/2024\/05\/IMG_7359-1024x683.jpg 1024w, https:\/\/pionki.info.pl\/wp-content\/uploads\/2024\/05\/IMG_7359-300x200.jpg 300w, https:\/\/pionki.info.pl\/wp-content\/uploads\/2024\/05\/IMG_7359-768x512.jpg 768w, https:\/\/pionki.info.pl\/wp-content\/uploads\/2024\/05\/IMG_7359-1536x1024.jpg 1536w, https:\/\/pionki.info.pl\/wp-content\/uploads\/2024\/05\/IMG_7359-2048x1365.jpg 2048w, https:\/\/pionki.info.pl\/wp-content\/uploads\/2024\/05\/IMG_7359-360x240.jpg 360w\" sizes=\"(max-width: 1024px) 100vw, 1024px\" \/><\/figure>\n\n\n\n<figure class=\"wp-block-image size-large\"><img decoding=\"async\" width=\"1024\" height=\"704\" data-id=\"355\" src=\"http:\/\/pionki.info.pl\/wp-content\/uploads\/2024\/05\/IMG_8642-1024x704.jpg\" alt=\"\" class=\"wp-image-355\" srcset=\"https:\/\/pionki.info.pl\/wp-content\/uploads\/2024\/05\/IMG_8642-1024x704.jpg 1024w, https:\/\/pionki.info.pl\/wp-content\/uploads\/2024\/05\/IMG_8642-300x206.jpg 300w, https:\/\/pionki.info.pl\/wp-content\/uploads\/2024\/05\/IMG_8642-768x528.jpg 768w, https:\/\/pionki.info.pl\/wp-content\/uploads\/2024\/05\/IMG_8642-1536x1056.jpg 1536w, https:\/\/pionki.info.pl\/wp-content\/uploads\/2024\/05\/IMG_8642.jpg 1600w\" sizes=\"(max-width: 1024px) 100vw, 1024px\" \/><\/figure>\n\n\n\n<figure class=\"wp-block-image size-large\"><img loading=\"lazy\" decoding=\"async\" width=\"1024\" height=\"673\" data-id=\"368\" src=\"http:\/\/pionki.info.pl\/wp-content\/uploads\/2024\/05\/IMG_8643-1-1024x673.jpg\" alt=\"\" class=\"wp-image-368\" srcset=\"https:\/\/pionki.info.pl\/wp-content\/uploads\/2024\/05\/IMG_8643-1-1024x673.jpg 1024w, https:\/\/pionki.info.pl\/wp-content\/uploads\/2024\/05\/IMG_8643-1-300x197.jpg 300w, https:\/\/pionki.info.pl\/wp-content\/uploads\/2024\/05\/IMG_8643-1-768x505.jpg 768w, https:\/\/pionki.info.pl\/wp-content\/uploads\/2024\/05\/IMG_8643-1-1536x1010.jpg 1536w, https:\/\/pionki.info.pl\/wp-content\/uploads\/2024\/05\/IMG_8643-1.jpg 1600w\" sizes=\"(max-width: 1024px) 100vw, 1024px\" \/><\/figure>\n\n\n\n<figure class=\"wp-block-image size-large\"><img loading=\"lazy\" decoding=\"async\" width=\"1024\" height=\"682\" data-id=\"369\" src=\"http:\/\/pionki.info.pl\/wp-content\/uploads\/2024\/05\/IMG_8616-1-1024x682.jpg\" alt=\"\" class=\"wp-image-369\" srcset=\"https:\/\/pionki.info.pl\/wp-content\/uploads\/2024\/05\/IMG_8616-1-1024x682.jpg 1024w, https:\/\/pionki.info.pl\/wp-content\/uploads\/2024\/05\/IMG_8616-1-300x200.jpg 300w, https:\/\/pionki.info.pl\/wp-content\/uploads\/2024\/05\/IMG_8616-1-768x512.jpg 768w, https:\/\/pionki.info.pl\/wp-content\/uploads\/2024\/05\/IMG_8616-1-1536x1023.jpg 1536w, https:\/\/pionki.info.pl\/wp-content\/uploads\/2024\/05\/IMG_8616-1-360x240.jpg 360w, https:\/\/pionki.info.pl\/wp-content\/uploads\/2024\/05\/IMG_8616-1.jpg 1600w\" sizes=\"(max-width: 1024px) 100vw, 1024px\" \/><\/figure>\n\n\n\n<figure class=\"wp-block-image size-large\"><img loading=\"lazy\" decoding=\"async\" width=\"1024\" height=\"682\" data-id=\"370\" src=\"http:\/\/pionki.info.pl\/wp-content\/uploads\/2024\/05\/IMG_6494-3-1024x682.jpg\" alt=\"\" class=\"wp-image-370\" srcset=\"https:\/\/pionki.info.pl\/wp-content\/uploads\/2024\/05\/IMG_6494-3-1024x682.jpg 1024w, https:\/\/pionki.info.pl\/wp-content\/uploads\/2024\/05\/IMG_6494-3-300x200.jpg 300w, https:\/\/pionki.info.pl\/wp-content\/uploads\/2024\/05\/IMG_6494-3-768x512.jpg 768w, https:\/\/pionki.info.pl\/wp-content\/uploads\/2024\/05\/IMG_6494-3-1536x1023.jpg 1536w, https:\/\/pionki.info.pl\/wp-content\/uploads\/2024\/05\/IMG_6494-3-360x240.jpg 360w, https:\/\/pionki.info.pl\/wp-content\/uploads\/2024\/05\/IMG_6494-3.jpg 1600w\" sizes=\"(max-width: 1024px) 100vw, 1024px\" \/><\/figure>\n<\/figure>\n","protected":false},"excerpt":{"rendered":"<p>Rehabilitacja&nbsp;Akademia Zdrowia&nbsp;jest o\u015brodkiem Przychodni \u201eZdrowie\u201d prowadz\u0105cym kompleksow\u0105 rehabilitacj\u0119 lecznicz\u0105. Zapewniamy rehabilitacj\u0119 pourazow\u0105, ortopedyczn\u0105 neurologiczn\u0105 jak r\u00f3wnie\u017c zabiegi maj\u0105ce na celu popraw\u0119 postawy cia\u0142a oraz pomoc w usprawnieniu wykonywania codziennych czynno\u015bci. Wiemy, \u017ce rehabilitacja to dla pacjent\u00f3w mo\u017cliwo\u015b\u0107 odzyskania jak najwi\u0119kszej sprawno\u015bci i cz\u0119sto szansa na samodzielne funkcjonowanie.&nbsp;&nbsp; Rehabilitacja&nbsp;jest integralnym procesem [&hellip;]<\/p>\n","protected":false},"author":1,"featured_media":297,"parent":0,"menu_order":0,"comment_status":"closed","ping_status":"closed","template":"","meta":{"footnotes":""},"class_list":["post-54","page","type-page","status-publish","has-post-thumbnail","hentry"],"_links":{"self":[{"href":"https:\/\/pionki.info.pl\/index.php?rest_route=\/wp\/v2\/pages\/54","targetHints":{"allow":["GET"]}}],"collection":[{"href":"https:\/\/pionki.info.pl\/index.php?rest_route=\/wp\/v2\/pages"}],"about":[{"href":"https:\/\/pionki.info.pl\/index.php?rest_route=\/wp\/v2\/types\/page"}],"author":[{"embeddable":true,"href":"https:\/\/pionki.info.pl\/index.php?rest_route=\/wp\/v2\/users\/1"}],"replies":[{"embeddable":true,"href":"https:\/\/pionki.info.pl\/index.php?rest_route=%2Fwp%2Fv2%2Fcomments&post=54"}],"version-history":[{"count":11,"href":"https:\/\/pionki.info.pl\/index.php?rest_route=\/wp\/v2\/pages\/54\/revisions"}],"predecessor-version":[{"id":815,"href":"https:\/\/pionki.info.pl\/index.php?rest_route=\/wp\/v2\/pages\/54\/revisions\/815"}],"wp:featuredmedia":[{"embeddable":true,"href":"https:\/\/pionki.info.pl\/index.php?rest_route=\/wp\/v2\/media\/297"}],"wp:attachment":[{"href":"https:\/\/pionki.info.pl\/index.php?rest_route=%2Fwp%2Fv2%2Fmedia&parent=54"}],"curies":[{"name":"wp","href":"https:\/\/api.w.org\/{rel}","templated":true}]}}