{"id":229,"date":"2024-05-14T14:27:32","date_gmt":"2024-05-14T12:27:32","guid":{"rendered":"http:\/\/pionki.info.pl\/?page_id=229"},"modified":"2024-05-27T16:31:29","modified_gmt":"2024-05-27T14:31:29","slug":"masaze","status":"publish","type":"page","link":"https:\/\/pionki.info.pl\/?page_id=229","title":{"rendered":"Masa\u017ce"},"content":{"rendered":"\n<p class=\"has-black-color has-text-color has-link-color wp-elements-f8f4010ca337544fcd87043d21515af1\">Masa\u017c to jedna z najstarszych oraz najcz\u0119\u015bciej stosowanych metod terapeutycznych, kt\u00f3ra w zale\u017cno\u015bci od rodzaju mo\u017ce mie\u0107 dzia\u0142anie profilaktyczne, przeciwb\u00f3lowe, przeciwzapalne, relaksacyjne, pobudzaj\u0105ce, jak i inne. Polega on na manualnym b\u0105d\u017a mechanicznym wykonywaniu r\u00f3\u017cnorodnych technik dotykowych na sk\u00f3rze, stawach, mi\u0119\u015bniach oraz tkankach g\u0142\u0119bokich.<\/p>\n\n\n\n<p class=\"has-black-color has-text-color has-link-color wp-elements-49e08a0527c2c8f0921664e309b86a1c\">Masa\u017c dzia\u0142a na organizm na wiele r\u00f3\u017cnych sposob\u00f3w, w zale\u017cno\u015bci od rodzaju masa\u017cu oraz celu, jaki ma by\u0107 osi\u0105gni\u0119ty.\u00a0Wykonujemy:\u00a0masa\u017c klasyczny, masa\u017c leczniczy, masa\u017c relaksacyjny, masa\u017c limfatyczny, masa\u017c tkanek g\u0142\u0119bokich,\u00a0masa\u017c gor\u0105cymi kamieniami oraz masa\u017c pneumatyczny\u00a0BOA\u00a0i hydromasa\u017c\u00a0suchy na \u0142\u00f3\u017cku wodnym\u00a0Wellsystem Medical.<\/p>\n\n\n\n<p class=\"has-black-color has-text-color has-link-color wp-elements-8b25e0e6700066d1bcac2ad9de5f1188\">Przed wyborem odpowiedniego masa\u017cu warto skonsultowa\u0107 si\u0119 z masa\u017cyst\u0105 , kt\u00f3ry dobierze odpowiedni rodzaj masa\u017cu oraz pomo\u017ce osi\u0105gn\u0105\u0107 zamierzony efekt. <\/p>\n\n\n\n<p class=\"has-black-color has-text-color has-link-color wp-elements-4ec3273d1ab1906ae49ab7d073f47c53\"><strong>Jak si\u0119 przygotowa\u0107 do masa\u017cu?<\/strong><\/p>\n\n\n\n<p class=\"has-black-color has-text-color has-link-color wp-elements-3fe9a7ed4902082d23fd5e378cdac1f2\">Korzystanie z masa\u017cy nie wymaga \u017cadnych szczeg\u00f3lnych przygotowa\u0144. Warto jednak wiedzie\u0107, \u017ce&nbsp;<strong>posi\u0142ek nale\u017cy zje\u015b\u0107 najp\u00f3\u017aniej p\u00f3\u0142torej godziny przed zabiegiem<\/strong>. Wybieraj\u0105c si\u0119 na masa\u017c, najlepiej ubra\u0107 si\u0119 w wygodny str\u00f3j, zdj\u0105\u0107 bi\u017cuteri\u0119 ,mie\u0107 sw\u00f3j r\u0119cznik a tak\u017ce gumk\u0119 do w\u0142os\u00f3w.<\/p>\n\n\n\n<figure class=\"wp-block-gallery has-nested-images columns-6 is-cropped wp-block-gallery-1 is-layout-flex wp-block-gallery-is-layout-flex\">\n<figure class=\"wp-block-image size-large\"><a href=\"http:\/\/pionki.info.pl\/wp-content\/uploads\/2024\/05\/DSCF9580-scaled.jpg\"><img fetchpriority=\"high\" decoding=\"async\" width=\"1024\" height=\"680\" data-id=\"350\" src=\"http:\/\/pionki.info.pl\/wp-content\/uploads\/2024\/05\/DSCF9580-1024x680.jpg\" alt=\"\" class=\"wp-image-350\" srcset=\"https:\/\/pionki.info.pl\/wp-content\/uploads\/2024\/05\/DSCF9580-1024x680.jpg 1024w, https:\/\/pionki.info.pl\/wp-content\/uploads\/2024\/05\/DSCF9580-300x199.jpg 300w, https:\/\/pionki.info.pl\/wp-content\/uploads\/2024\/05\/DSCF9580-768x510.jpg 768w, https:\/\/pionki.info.pl\/wp-content\/uploads\/2024\/05\/DSCF9580-1536x1020.jpg 1536w, https:\/\/pionki.info.pl\/wp-content\/uploads\/2024\/05\/DSCF9580-2048x1360.jpg 2048w, https:\/\/pionki.info.pl\/wp-content\/uploads\/2024\/05\/DSCF9580-360x240.jpg 360w\" sizes=\"(max-width: 1024px) 100vw, 1024px\" \/><\/a><\/figure>\n\n\n\n<figure class=\"wp-block-image size-large\"><img decoding=\"async\" width=\"680\" height=\"1024\" data-id=\"362\" src=\"http:\/\/pionki.info.pl\/wp-content\/uploads\/2024\/05\/DSCF9571-1-680x1024.jpg\" alt=\"\" class=\"wp-image-362\" srcset=\"https:\/\/pionki.info.pl\/wp-content\/uploads\/2024\/05\/DSCF9571-1-680x1024.jpg 680w, https:\/\/pionki.info.pl\/wp-content\/uploads\/2024\/05\/DSCF9571-1-199x300.jpg 199w, https:\/\/pionki.info.pl\/wp-content\/uploads\/2024\/05\/DSCF9571-1-768x1156.jpg 768w, https:\/\/pionki.info.pl\/wp-content\/uploads\/2024\/05\/DSCF9571-1-1020x1536.jpg 1020w, https:\/\/pionki.info.pl\/wp-content\/uploads\/2024\/05\/DSCF9571-1-1360x2048.jpg 1360w, https:\/\/pionki.info.pl\/wp-content\/uploads\/2024\/05\/DSCF9571-1-scaled.jpg 1700w\" sizes=\"(max-width: 680px) 100vw, 680px\" \/><\/figure>\n<\/figure>\n","protected":false},"excerpt":{"rendered":"<p>Masa\u017c to jedna z najstarszych oraz najcz\u0119\u015bciej stosowanych metod terapeutycznych, kt\u00f3ra w zale\u017cno\u015bci od rodzaju mo\u017ce mie\u0107 dzia\u0142anie profilaktyczne, przeciwb\u00f3lowe, przeciwzapalne, relaksacyjne, pobudzaj\u0105ce, jak i inne. Polega on na manualnym b\u0105d\u017a mechanicznym wykonywaniu r\u00f3\u017cnorodnych technik dotykowych na sk\u00f3rze, stawach, mi\u0119\u015bniach oraz tkankach g\u0142\u0119bokich. Masa\u017c dzia\u0142a na organizm na wiele r\u00f3\u017cnych [&hellip;]<\/p>\n","protected":false},"author":1,"featured_media":381,"parent":0,"menu_order":0,"comment_status":"closed","ping_status":"closed","template":"","meta":{"footnotes":""},"class_list":["post-229","page","type-page","status-publish","has-post-thumbnail","hentry"],"_links":{"self":[{"href":"https:\/\/pionki.info.pl\/index.php?rest_route=\/wp\/v2\/pages\/229","targetHints":{"allow":["GET"]}}],"collection":[{"href":"https:\/\/pionki.info.pl\/index.php?rest_route=\/wp\/v2\/pages"}],"about":[{"href":"https:\/\/pionki.info.pl\/index.php?rest_route=\/wp\/v2\/types\/page"}],"author":[{"embeddable":true,"href":"https:\/\/pionki.info.pl\/index.php?rest_route=\/wp\/v2\/users\/1"}],"replies":[{"embeddable":true,"href":"https:\/\/pionki.info.pl\/index.php?rest_route=%2Fwp%2Fv2%2Fcomments&post=229"}],"version-history":[{"count":5,"href":"https:\/\/pionki.info.pl\/index.php?rest_route=\/wp\/v2\/pages\/229\/revisions"}],"predecessor-version":[{"id":396,"href":"https:\/\/pionki.info.pl\/index.php?rest_route=\/wp\/v2\/pages\/229\/revisions\/396"}],"wp:featuredmedia":[{"embeddable":true,"href":"https:\/\/pionki.info.pl\/index.php?rest_route=\/wp\/v2\/media\/381"}],"wp:attachment":[{"href":"https:\/\/pionki.info.pl\/index.php?rest_route=%2Fwp%2Fv2%2Fmedia&parent=229"}],"curies":[{"name":"wp","href":"https:\/\/api.w.org\/{rel}","templated":true}]}}